the prime factors of k.
2, 67
Let h be ((-6)/(-60)*5)/((-1)/22). Let i(p) = 2*p**3 + 22*p**2 - 9*p + 4. List the prime factors of i(h).
103
Suppose -2*k - 2*d = -5*k - 7, 0 = -5*d + 25. Let l = k - -35. List the prime factors of l.
2, 3
Let k = 335 - -902. What are the prime factors of k?
1237
Let m(c) = 7 + c**2 - 9*c**2 - 4*c + 9*c**2. What are the prime factors of m(3)?
2
Suppose -4*i + 386 = 4*m - i, 4*m - 384 = -2*i. Let v = -43 + m. What are the prime factors of v?
2, 13
Let m be 19 + -18 + -1 + 215. Suppose -1435 = -10*q + m. List the prime factors of q.
3, 5, 11
Let q = -483 + 1399. List the prime factors of q.
2, 229
Suppose 0*s - 3*s = -60. What are the prime factors of 68/s*(1 + 4)?
17
Let y be -2 - -1 - 0 - -21. Let a = 16 - y. What are the prime factors of (31/3 + a)*3?
19
Let f be 1722/(-10) - (1 + 1/(-5)). Let h = f + 280. What are the prime factors of h?
107
Let s(g) = 72*g**2 + 4*g - 10. List the prime factors of s(-3).
2, 313
Let f = 369 - -475. List the prime factors of f.
2, 211
Suppose -h + 36 = -5*p + 3*h, -3*p - 24 = -3*h. Let o be 8 + -3 + p + -4. List the prime factors of (91 - o)/(2 + 0).
47
Let w = -190 - -108. Let j = w - -170. List the prime factors of j.
2, 11
Let z be ((-27)/4)/((-12)/(-128)). What are the prime factors of (z/21)/(4/(-98))?
2, 3, 7
Let s = -14 + 18. Let d(a) be the first derivative of -a**2/2 + 8*a + 1. List the prime factors of d(s).
2
Let p(o) = -o**3 + 5*o**2 - 3*o - 4. Let u be p(4). Suppose -3*z - 2*b + 159 + 151 = u, -5*z - b + 512 = 0. What are the prime factors of z?
2, 3, 17
Suppose 6*w - w + 30 = 0. Let j be (w/8)/((-4)/16). Suppose 2*m - 60 = -j*m. List the prime factors of m.
2, 3
Let b be (-35)/(-3) - (-1)/3. Let c be (-5)/(-1 - b/(-15)). Suppose c - 77 = -2*k. List the prime factors of k.
2, 13
Let f be 4/30 + ((-18156)/(-45))/4. Let s = -41 + f. What are the prime factors of s?
2, 3, 5
Let z = -75 + 264. Suppose -3*u + 315 = 5*j, 2*j - 5*j + z = -2*u. Let v = j + -43. List the prime factors of v.
2, 5
Let n(d) = 23*d - 79. Let r be n(-23). What are the prime factors of 1/((-1 - r/604)/1)?
151
Suppose 2*a + 3*u = 480, -3*a - 167 = -4*u - 904. What are the prime factors of a?
3
Let p(f) = f**2 - 13*f - 4. Let u be p(13). Let m(t) be the first derivative of -t**4/4 - t**3/3 - t**2/2 - 3*t - 15. What are the prime factors of m(u)?
7
Let l = 80 - 110. Let o = 84 + l. List the prime factors of o.
2, 3
Let n(o) = o**3 - 2*o**2 - o - 3. Let r be n(3). Suppose 188 = 5*h - r*h. List the prime factors of h.
2, 47
Let h = 235 + -132. Let l = -25 + h. List the prime factors of l.
2, 3, 13
Let m(p) be the first derivative of p**4/12 + p**3/6 + 2*p**2 - 5. Let n(o) be the second derivative of m(o). What are the prime factors of n(4)?
3
Let h be (-758)/(-5)*(-5)/(-2). Suppose -2*q - o = -7*q + 450, -4*q + h = 3*o. What are the prime factors of q?
7, 13
Suppose 3*r = 3*k - 34 - 20, 2*k = -2*r - 40. Let l = r - -41. What are the prime factors of l?
2, 11
Let k(p) = p**2 + 8*p - 5. Let n be k(-9). Let h be (-320)/(-2)*6/n. What are the prime factors of (h/(-56))/((-1)/7)?
2, 3, 5
Let i = 4 - 2. Suppose -i*w + 1 = -13. Suppose 3*x - w*x = -124. List the prime factors of x.
31
Let m(f) = 211*f - 192. What are the prime factors of m(10)?
2, 7, 137
Suppose 0*k - 5*t = k - 23, 1 = 2*k - 5*t. What are the prime factors of (k/((-56)/35))/(2/(-8))?
2, 5
Let a(f) = 3*f - 3. Let v(z) = -z**2 + 16*z + 6. Let i be v(14). Let x = i + -25. What are the prime factors of a(x)?
2, 3
Suppose 6*a + 4*n = 3*a + 7458, -a = -4*n - 2502. What are the prime factors of a?
2, 3, 5, 83
Let k be (-125)/(-40) - 3/24. Suppose 0 = k*o - 4*y - 130, -5*y = -4*o + 3*o + 47. List the prime factors of o.
2, 3, 7
Let r be (36 + -33)/(2/(-4) - -2). Suppose -11*o = -r - 1263. What are the prime factors of o?
5, 23
Let x = 185 - 108. Let d = -36 + x. Let b = 71 - d. List the prime factors of b.
2, 3, 5
Let r = 323 - 53. Suppose -8*h + 2*h + r = 0. What are the prime factors of h?
3, 5
Suppose -l - 12 = -5*f, 2 = -3*f + 2*f - 2*l. Suppose 3 = r - f. Suppose -r*b + 4*n + 35 = 0, 0*b - b + 7 = 4*n. List the prime factors of b.
7
Let a(t) = 6 - 4 + 4*t**2 - 3*t + 0*t + t**3 - 9*t. Let x be a(-6). Suppose -f = x*c - 44, -5*c - 5*f - 18 + 118 = 0. List the prime factors of c.
2, 3
Let t = -3 - -498. List the prime factors of t.
3, 5, 11
Let y(s) = 7*s**2 + 4*s - 2. Let p be y(-5). Let f = p - 107. List the prime factors of f.
2, 23
Let w(p) = 2*p**3 - 5*p**2 + 3*p - 1. Suppose 4*k - 4*x = 20, k - 3*x = -4*k + 15. Let c = 3 + k. List the prime factors of w(c).
17
Let t(p) = -1 + 2 + 2*p + 4 - 5*p. What are the prime factors of t(-12)?
41
Let k(d) = -d**3 - 12*d**2 + 10*d - 21. Let s be k(-13). Let m = s + -11. What are the prime factors of m?
7
Let l(u) = -27*u - 4. Let s be l(-4). Suppose 0 = 5*g - 3*g - s. List the prime factors of g.
2, 13
Let y(o) = -2 + 2*o**3 - 5*o**2 + o**3 - 4*o**3 - 15. List the prime factors of y(-7).
3
Let p = -2206 - -4161. What are the prime factors of p?
5, 17, 23
Let o = -2489 - -4249. What are the prime factors of o?
2, 5, 11
Suppose 3*s - 1111 = -5*d, 0 = -4*d + 2*s - 7*s + 894. What are the prime factors of d?
13, 17
Let f be 1/(96/(-24) + 1*3). Let g(j) = -10*j - 1. Let u(y) = 21*y + 2. Let a(x) = 10*g(x) + 4*u(x). List the prime factors of a(f).
2, 7
Let r(t) = -2*t**2 + 3*t**2 - 17 - 2*t**2 + 15*t. List the prime factors of r(10).
3, 11
Let l be (7 - -3) + (-4)/2. Let b be ((-10)/(-20))/(1/l). Suppose 5*q + 0*q - 4*t = 96, 4*q - 80 = b*t. List the prime factors of q.
2
Suppose u = 2*b + 29, 0*b = 3*b + 15. Suppose -4*i + u = -449. List the prime factors of (i/3 - 2) + -4.
3, 11
Let a = -41 + 43. Suppose -a*h - 67 = -4*h + v, 4*h + v = 131. List the prime factors of h.
3, 11
Let d = -19 - -20. Let y be (-6 - 37)/(d/2). List the prime factors of y/(-7) - (-4)/(-14).
2, 3
Suppose 4*t = 2*t - 24. What are the prime factors of ((-30)/t)/((-1)/(-2))?
5
Let g be 30/70 - (-120)/14. Suppose -h = -3*d - g, -4*h + 29 + 23 = -4*d. List the prime factors of h.
3, 5
List the prime factors of 11 - (-374)/(-33) - (-10912)/3.
3637
List the prime factors of 3479*1 + 470/(-94).
2, 3, 193
Let d(t) = 25*t**3 + 3*t**2 - t + 77. What are the prime factors of d(6)?
7, 797
Suppose -13521 = -6*i + 951. What are the prime factors of i?
2, 3, 67
Let i(c) = 2*c**2 - 2*c. Let f be i(4). Let b = f - -2. List the prime factors of b.
2, 13
Let w(s) = 8*s**2 - 9*s - 7. What are the prime factors of w(5)?
2, 37
Let p(h) = 4*h**2 - 2*h + 3. Let g be p(4). Suppose -3*k + g + 49 = -2*u, 2*u - 2*k = -110. Let x = u - -98. List the prime factors of x.
41
Suppose 3*g + 11 - 32 = 0. Let t be -2*9/(-6) + 0. Suppose -p + t = -g. List the prime factors of p.
2, 5
Suppose 4*z - 2*y = -532, -57 = -z - 5*y - 179. Suppose -3*j + 113 = 83. List the prime factors of 4/j + z/(-20).
7
Let d(l) = -5*l**2 + 5*l - 2 + 2*l**2 - 2*l**2 + 2*l**3 - 3*l**3. Let z be d(-6). List the prime factors of (-3)/(-12) + 51/z.
13
Let l(v) = v**2 + 7*v + 8. Suppose 0 = s + 1 + 7. Let r be l(s). Suppose -4*g = 2*k - 34, -51 = -k + 4*g - r. List the prime factors of k.
23
Suppose -63*n + 65*n - 812 = 0. What are the prime factors of n?
2, 7, 29
What are the prime factors of ((-3)/(-3) + 25)*14?
2, 7, 13
List the prime factors of (-1)/(-2)*(-5 + 12095/5).
17, 71
Let h(l) = 2*l**2 + 2*l + 4. Let w be h(3). Let o(a) = a**2 - 7*a - 5. Let p be o(-6). Let v = p - w. What are the prime factors of v?
3, 5
Let f = -39 - -31. What are the prime factors of 79 + ((-6)/(-8))/(f/(-32))?
2, 41
What are the prime factors of (34 + 10)/(4/62)?
2, 11, 31
Let p = -121 + 232. Let s = p + 9. List the prime factors of s.
2, 3, 5
Let x(z) = z**2 + 8*z + 2. Let g be x(-8). Suppose 3*c - g*n - 7 = -n, 1 = -n. What are the prime factors of c?
2
Let z(p) = 5*p - 15*p - 31 - 30*p + 3*p. List the prime factors of z(-6).
191
Suppose -j + 383 = 3*r, r - 4*j - 66 = 79. What are the prime factors of r?
3, 43
Let i be 4 + 2 - (3 - 1). Suppose -i*u = 4*s - 80, -u - 1 = -5*s + 9. Let r = 28 - u. List the prime factors of r.
13
Let l be ((-1)/((-6)/4))/(3/36). Let d(t) = -t**3 + 11*t**2 - 18*t - 10. What are the prime factors of d(l)?
2, 19
Let d(x) = -5*x**3 + 3*x**2 + 5*x. Let m(t) = t**3 - 8*t**2 + 6*t + 5. Le